be (-16)/(-24) + 13/3. Suppose 4*h + 24 = 4*m, l*m - m - h = 21. Suppose -d + 228 = m*d. List the prime factors of d.
2, 19
Suppose 17846 = 13*x + 1093 - 12809. What are the prime factors of x?
2, 3, 379
Let w = 5762 + 258. List the prime factors of w.
2, 5, 7, 43
Let a = -2076 - -2054. Suppose r - 20 - 22 = 0. List the prime factors of 16/(2 + r/a).
2, 11
Let c(f) = 49*f + 60. Let p be c(17). Let q = -556 + p. List the prime factors of q.
337
Suppose -4*b + 4361 = -5*z, 0*z - 1091 = -b + z. Suppose 7*p = b + 1027. What are the prime factors of p?
3, 101
Let q(h) = -1156*h - 1163. What are the prime factors of q(-21)?
29, 797
Suppose 5*s - 35 = -4*c, 27 - 7 = c - s. Suppose 8165 + 10345 = c*n. List the prime factors of n.
2, 617
List the prime factors of ((-10017774)/(-1364) - 2/(-22))/(2/4).
37, 397
List the prime factors of 102/(-204)*3/2 + (-110694)/(-8).
2, 3, 1153
Suppose 3*u - 10 = 5. Let m be u + 8/(-2) + 2. Suppose 15 - 42 = -3*f + 3*p, -6 = m*p. What are the prime factors of f?
7
Let y be (-4030)/286 + 3/33. Let u(o) = -2*o - 5 + 0*o - 2. What are the prime factors of u(y)?
3, 7
Let p = 135 - 316. Let r = 582 - 688. Let g = r - p. List the prime factors of g.
3, 5
Suppose -4*a = -6*a. Suppose a = -12*t + 5*t + 364. Suppose 0 = -v - t + 282. List the prime factors of v.
2, 5, 23
Suppose 2*n = -4*q + n + 1995, n + 2505 = 5*q. Let w = 1208 - q. List the prime factors of w.
2, 3, 59
Let v = 27 - 21. Let j(w) = 9*w - 18. Let y be j(v). Suppose y*z - 160 = 31*z. What are the prime factors of z?
2
Let q(k) = 8*k - 79. Let c be q(15). Suppose -33*t = -c*t + 2856. List the prime factors of t.
3, 7, 17
Let r(u) = 744*u - 1. Let k be r(1). Suppose -s = 5*x - k, 3 = -2*s - 1. Suppose -5*n + 282 = 2*o, 2*n - 5*o + 13 = x. List the prime factors of n.
2, 29
What are the prime factors of ((45788/12)/(2/3))/((-1)/(-2))?
11447
Let n(o) = -o**3 + o**2 - 1196. Let k be n(0). Let f = -826 - k. What are the prime factors of f?
2, 5, 37
Suppose 0 = -2*q - s + 3209, 5*q + 3*s - 2*s = 8024. Let d = q + -1146. What are the prime factors of d?
3, 17
Suppose -2*v + 56 + 82 = 0. Let c = 68 - v. List the prime factors of 8*((2 - c) + 13).
2
Let b(f) = -1547*f + 2819. List the prime factors of b(-12).
21383
Let m(b) = 65*b + 10. Let l(u) = 129*u + 20. Let q be 4*(0 + -2 + 1)*1. Let r(p) = q*l(p) + 7*m(p). List the prime factors of r(-2).
2, 7
Let a(r) = 1088*r**2 + 125*r + 64. What are the prime factors of a(-8)?
2, 31, 277
Let m(c) = -2807*c - 50. List the prime factors of m(-1).
3, 919
Suppose -n - 12 - 16 = 0. Let q be n/(-10) - 1/(-5). Suppose -3*f - 40 = a - 116, -20 = -f - q*a. List the prime factors of f.
2, 13
Suppose 4*s = -5*k + 300382, 0 = 4*s - k - 189941 - 110477. What are the prime factors of s?
7, 10729
Suppose 8*v - 6*v = 322. Suppose -k + 2*n + v = 2*k, -n = 4. Suppose -y + 56 + k = 2*u, 4*y - 4*u - 404 = 0. List the prime factors of y.
103
Let t(b) = 29*b**2 + 270*b - 64. What are the prime factors of t(-24)?
2, 5, 127
Suppose 0 = 167*o - 170*o + 336. Let u = o + 18. List the prime factors of u.
2, 5, 13
Let g = -13 + -9. Let l(x) = -7*x - 139. Let z be l(-5). Let k = g - z. List the prime factors of k.
2, 41
Suppose 2*i = -4*c + 10, -6*c + 3*c = 3*i - 9. Suppose 3*k + 4*f = 2181, -2*f + c = 8. List the prime factors of k.
17, 43
Suppose 4*a - 5*q = 57474, -3*q - 14219 - 43267 = -4*a. List the prime factors of a.
2, 3, 599
Let i be 45/(-18)*2908/(-5). Suppose 0 = 14*o - 19602 - i. What are the prime factors of o?
2, 47
Let d be (4/(-2))/(1 + (-16485)/16471). Suppose -139 = -7*j + d. List the prime factors of j.
2, 89
Let u(v) = v**2 + 10*v + 12. Let q be u(-9). Suppose q*p - 3 = 0, 2*k = -k + 4*p + 293. Suppose k = -0*m + 3*m. What are the prime factors of m?
3, 11
Suppose -3*h + 90 = 6*h. List the prime factors of (-57)/(-95) + 114/h.
2, 3
Let q(a) = 6023*a**3 + 5*a**2 - 18*a + 14. What are the prime factors of q(1)?
2, 3, 251
Let b = -671 - -1745. Suppose -794*x = -783*x. Suppose 5*l + l - b = x. List the prime factors of l.
179
Let u be 10/(-100)*-6 - 74/(-10). Suppose -4*m - 608 = -u*m. What are the prime factors of m?
2, 19
Suppose 0 = -21*f - 13 + 97. What are the prime factors of (-910)/f*(16/40 - 2)?
2, 7, 13
Let c = 155 - 150. Suppose -c*m - 176 = -421. What are the prime factors of m?
7
Let a(l) = 30*l**2 + 2*l + 4. Let h = -61 - -58. What are the prime factors of a(h)?
2, 67
Suppose -2289531 - 1137396 = -159*b. What are the prime factors of b?
7, 3079
Let m(a) = 908*a**3 + 26*a**2 - 13*a - 17. Let b(d) = -453*d**3 - 14*d**2 + 7*d + 9. Let h(l) = -11*b(l) - 6*m(l). List the prime factors of h(-1).
3, 5, 31
Suppose 0 = -3*r + 2*l + 34, 0 = 2*r + 3*r + 3*l - 25. Suppose -6866 = -r*c + 1022. List the prime factors of c.
2, 17, 29
Suppose 180 = y + 3*y. Let z be -1 + ((-108)/y - 6/10). What are the prime factors of (-2)/z*(-14)/(-1)?
7
Let g = 705 - -2744. What are the prime factors of g?
3449
Let h = 6158 - 5104. What are the prime factors of h?
2, 17, 31
What are the prime factors of (-8 - 4177*(-5 - -4)) + -8?
3, 19, 73
Suppose 3*d - 4*i - 58258 = 0, -2*d - 2*i + 32004 = -6844. List the prime factors of d.
2, 3, 13, 83
Suppose -30 = 22*r - 8. Let h(q) = -151*q - 4. What are the prime factors of h(r)?
3, 7
Let m(f) = -4*f**3 + 2*f**2 - 4*f - 6. Let q be m(-3). Let t be (-40)/(-12)*(q/20 + -3). List the prime factors of 4 + -249*(-8)/t.
2, 5, 17
List the prime factors of (-46684)/5*(-170)/((-782)/(-23)).
2, 11, 1061
What are the prime factors of (2/(-4)*18982)/(-1)?
9491
Suppose -10*a = -124 + 34. Let o(y) = 3*y**3 - 15*y**2 - 7*y - 4. What are the prime factors of o(a)?
5, 181
Let i = -128944 - -210736. List the prime factors of i.
2, 3, 71
Let d(t) = 273*t**2 + 94*t + 75. What are the prime factors of d(13)?
2, 37, 641
What are the prime factors of (-4 - 10/4)/((-24)/2736)?
3, 13, 19
Suppose -2*n - 10 = -h, 36 = 21*h - 16*h - 3*n. Suppose 0 = -h*v + v + 2825. What are the prime factors of v?
5, 113
Let a(t) be the first derivative of -t**4/4 + 12*t**3 - 35*t**2 - 34*t + 150. List the prime factors of a(33).
13, 71
Suppose -3*v - 28 = 8. Let h(c) = -15*c - 102. List the prime factors of h(v).
2, 3, 13
Suppose -l + x + 61097 = 0, 3*l - 76*x = -72*x + 183290. What are the prime factors of l?
2, 3, 17, 599
Let o = -36617 + 52426. List the prime factors of o.
15809
Let i(u) = 260*u**3 + 7*u**2 - 15*u + 32. List the prime factors of i(3).
2, 5, 7, 101
Suppose -2*h - 5*b = -203, 2*h = -3*b + b + 218. Let k(s) = 11*s - 33. Let a be k(5). Suppose 5*f - h + 4 = -5*z, -f + 5*z = -a. List the prime factors of f.
2, 11
Suppose 2*v + 2*d + 66 = 6*d, -v - 5*d = 54. What are the prime factors of -7*(v - 7/((-35)/20))?
5, 7
Let v(r) = r**2 + 9*r - 129. Let y = 285 + -317. List the prime factors of v(y).
607
What are the prime factors of 2*2/40 + 14126842/1180?
2, 41, 73
Let i(c) = -3*c + 6 - 9 + 2 + 2*c. List the prime factors of i(-4).
3
Let z(p) = 37*p - 392. Let s be z(39). Let v = s - 434. List the prime factors of v.
617
Let c = 19 - 18. Let k be 3 + (c - (-1 + 0)). Let j(o) = o**3 - o**2 - 3*o - 5. List the prime factors of j(k).
2, 5
Let b(o) = 2*o**3 - 12*o**2 + 2*o - 4. Suppose -6*x + 11 + 37 = 0. What are the prime factors of b(x)?
2, 67
Let u(p) = -9*p - 120. Let v be u(-13). Let j(s) be the second derivative of -43*s**3/6 - 2*s**2 - 2*s. What are the prime factors of j(v)?
5
Let k(z) = z**3 - 6*z**2 - 4*z - 4. Let y be k(7). Let u be 5/(-5) + -1*7. Let l = y - u. List the prime factors of l.
5
Let c = -47101 - -65925. What are the prime factors of c?
2, 13, 181
Suppose -4*r + 5*t = -1180, -5*r + 1442 = 3*t - t. Suppose 225 = -6*j + 249. Suppose -j*i - i = -r. List the prime factors of i.
2, 29
Let p be (-1 - 3) + (2*-3356)/4. Let y = -807 - p. Suppose -y = -47*c + 42*c. List the prime factors of c.
5, 7
Let l(x) = 33*x**2 - 5. Let f be l(-4). Suppose -322*z + 318 = -327*z - 3*k, -256 = 4*z + 4*k. List the prime factors of f/3 + 3*7/z.
2, 3, 29
Let z(s) = s**2 + 6*s + 16. Let m be z(-9). Let d be (-2)/((5 + -1)/(-2)). What are the prime factors of (m - d)/(3 - 2)?
2, 3, 7
Suppose 128 - 2 = -6*f. Let a = f + 68. What are the prime factors of a?
47
Let j(y) = -185*y**3 - y**2 + 9*y - 10. What are the prime factors of j(-3)?
7, 101
Suppose 3